 divided by 14?
11
Let l(b) be the third derivative of b**6/120 - b**5/15 - b**4/24 + 2*b**3/3 + 6*b**2. Let k be l(3). Calculate the remainder when -4*2/k - -90 is divided by 23.
22
Suppose 5*q + 4*j = 162 + 42, 200 = 5*q + 5*j. Let w = 48 + -33. What is the remainder when q is divided by w?
14
Suppose 4*l + 3*y = 29, -2*y = 3*l + 2*y - 27. Suppose 45 = 2*w + t - 4, 0 = l*w - 5*t - 85. What is the remainder when 131 is divided by w?
21
Suppose -2*u - 10 = -70. Let h(d) = 14*d**2 + 1. Let a be h(-1). Let m = a - 4. Calculate the remainder when u is divided by m.
8
Let w be (3/6)/((-2)/(-44)). Let g = -5 + w. Suppose -65*b + 1020 = -17*b + 20*b. What is the remainder when b is divided by g?
3
Suppose -6*q = -2*q - 184. Suppose 0 = -2*s + q + 116. Suppose 5*m - s = 2*m. Calculate the remainder when m is divided by 14.
13
Let a(p) = 4*p**2 + 6*p - 5. Let n = -216 + 112. Let x = -71 - n. Calculate the remainder when a(-5) is divided by x.
32
Suppose 38 - 8 = -5*w. Let f be 3/(-6)*(w + -2). Suppose 0 = 2*k - f - 12. Calculate the remainder when k is divided by 5.
3
What is the remainder when 61 is divided by ((-1)/3)/((136/(-576))/17)?
13
Suppose 4770 = -3*x + 48*x. What is the remainder when x is divided by 36?
34
Let c(s) = 53*s + 73. Calculate the remainder when c(1) is divided by 63.
0
Let l(t) = t**2 + 3*t + 1. What is the remainder when 119 is divided by l(-5)?
9
Let z = -4 + 8. Let p(q) = -3*q - 8. Let i be p(-9). Let o = i - z. What is the remainder when o is divided by 8?
7
What is the remainder when 2*24 - 0/(-2) is divided by (4/10)/(340/22100)?
22
Suppose 16*p - 1180 = 6*p. Suppose 0 = 7*q + 27 - p. Calculate the remainder when 50 is divided by q.
11
Let r(u) = -u**3 + 5*u**2 - 4*u + 3. Let a be r(3). Let v = -84 - -83. Calculate the remainder when 20 is divided by a - (1 + v + 1).
4
Suppose 58 = 10*j - 282. Calculate the remainder when j is divided by 18.
16
Suppose -2*s = -5*p + 661, -5*p + 2*p + 395 = -2*s. Let y = 165 - p. Calculate the remainder when 60 is divided by y.
28
Let n(b) = -7*b - 30. Let t be n(-5). Let z = -2 + t. Calculate the remainder when 48 is divided by z.
0
Let v be 9/1*8/(-12). Let l = v + 13. Calculate the remainder when 14 is divided by l - (-2 + 2) - 3.
2
Calculate the remainder when 156 is divided by (342/190)/((-2)/(-30)).
21
Let p = 64 + -60. Let y = 11 + -5. What is the remainder when y is divided by p?
2
Suppose l - 5 = -0. Suppose 2*v + 4 = -5*f - 5, -v - 3*f = l. Calculate the remainder when 79 is divided by (-1 + v)*120/(-18).
19
Let r(z) = z**2 - 12*z + 28. Suppose 3 + 3 = -2*f. Let w(d) = d**3 + 3*d**2 - 2*d - 1. Calculate the remainder when r(10) is divided by w(f).
3
Let q be (-1 - -2)/((-3)/4 + 1). What is the remainder when 55 is divided by 15 - (q/12 - (-1)/(-3))?
10
Let s be (3/2)/((-4)/(-24)). Let u(f) = -2*f + 12. Let h be u(s). Calculate the remainder when 24 is divided by ((-3)/2)/(1/h).
6
Let o = -259 + 264. What is the remainder when 109 is divided by o?
4
Let a(l) = -13*l + 17. Let b(r) = r + 1. Let h(i) = -a(i) - 5*b(i). What is the remainder when h(10) is divided by 15?
13
Let x(v) = 2*v**2 - 29*v + 1. Let u be x(14). Let j = u - -22. What is the remainder when j is divided by 4?
1
Let j(w) = -2*w + 1. Let n(i) = -i + 18. Let f(d) = -5*j(d) + n(d). What is the remainder when f(2) is divided by 8?
7
Let c be (8/(-6))/((-4)/(-6)). Let g be 2 - c - (5 + 7). Let w = 23 + g. What is the remainder when 27 is divided by w?
12
Let a(k) = 2*k**3 - 6*k**2 - 32*k + 140. What is the remainder when 833 is divided by a(4)?
41
Let w be (-3)/1*(-12 - -6). Let a = w - 5. What is the remainder when a is divided by 8?
5
Suppose 6*g + 0*g = 162. Calculate the remainder when g is divided by 20.
7
Let z(y) = -y**3 - 16*y**2 + 31*y - 57. What is the remainder when 224 is divided by z(-18)?
26
Suppose 0 = -q - 2*q - 5*y + 219, -2*q + 133 = -y. Suppose 3*c - 5*x + 6 = 31, -5 = -5*x. What is the remainder when q is divided by c?
8
Suppose -12 + 48 = 9*n. Suppose -n*r = 92 - 240. Calculate the remainder when 108 is divided by r.
34
Calculate the remainder when 97 is divided by (15/(-9) + -3)/(6/(-45)).
27
Let i = -256 - -307. Calculate the remainder when 143 is divided by i.
41
Let p(r) = 29*r - 389. Calculate the remainder when p(24) is divided by 22.
21
Suppose 9*k - 144 = 9. Calculate the remainder when 218 is divided by k.
14
Let m = -483 - -550. Calculate the remainder when 132 is divided by m.
65
Let n(l) be the second derivative of l**4/12 + l**3/3 + 2*l**2 - l. Let t = -393 + 387. What is the remainder when n(t) is divided by 10?
8
Let l(v) = 715*v - v**3 - 715*v - v**2 + 16. Let h be 3 + (-1 - 6/3). Calculate the remainder when 47 is divided by l(h).
15
What is the remainder when 233 is divided by ((-5)/((-10)/(-24)))/((-15)/50)?
33
Suppose -t + 13 + 19 = x, 130 = 5*t - 5*x. Suppose -17*b + 2711 = 263. What is the remainder when b is divided by t?
28
Suppose -2*d - 4*l + 934 = 0, -d + 456 = -l - 2. Calculate the remainder when d is divided by 45.
11
Let m(g) = 13*g - 363. What is the remainder when m(42) is divided by 80?
23
Suppose 6*c + 5 = 5*c. Let a = 51 + c. What is the remainder when a is divided by 12?
10
Suppose -53 = -4*q - 4*o - o, -4*q = 3*o - 43. Suppose 15 = -2*v + q*v. What is the remainder when 37 - 1/(v/3) is divided by 13?
10
Let n(x) = x**3 + 12*x**2 - 31*x - 9. Calculate the remainder when 130 is divided by n(-14).
31
Let p(k) = -k**3 + 9*k**2 - 9*k + 9. Let n be p(8). What is the remainder when 145 is divided by 35/n - (-4)/(-8)*-4?
34
Suppose 100*h = 94*h + 60. Suppose 5*y - 167 + 47 = 0. Suppose -3*b - b = -y. What is the remainder when h is divided by b?
4
Suppose 0 = -2*w + 4*d + 484, 2*w + 3*d - 68 = 395. Suppose 0 = 5*m - l - 79, -m - m = 2*l - 34. Calculate the remainder when -3 + 4/(m/w) is divided by 15.
11
Suppose 22*r - 133 = -1. Suppose -r*m = -8*m + 572. Calculate the remainder when m is divided by 41.
40
Let g(u) = -u**2 + 27*u + 234. Calculate the remainder when 93 is divided by g(33).
21
Let c(d) = -2*d**3 + 11*d**2 - 19*d + 82. Calculate the remainder when 1103 is divided by c(5).
11
Let z(h) = h**2 + 5*h - 1. Let k be z(-6). Suppose -3*s + 11 = k. What is the remainder when s is divided by 2?
0
Let l = -347 + 1395. What is the remainder when l is divided by 30?
28
Suppose -4*x = -4, 2*o - 3*x - 194 = -x. What is the remainder when o is divided by -5 - 99/(-21) - (-233)/7?
32
Let z = -24 - -34. Let r = 37 + z. Calculate the remainder when r is divided by 24.
23
Suppose 0 = 28*i - 26*i - 54. Let b = 23 + 1. Let q = b - -29. What is the remainder when q is divided by i?
26
Let m(y) be the first derivative of -y**4/4 + 5*y**3/3 - 3*y**2/2 - 4*y + 2. Suppose 14 = 4*a + 2. What is the remainder when 19 is divided by m(a)?
4
Suppose 3753 = -97*b + 124*b. Let o(f) = -34*f + 1. Calculate the remainder when b is divided by o(-1).
34
Suppose 1808 + 472 = 24*f. What is the remainder when f is divided by 16?
15
Let x = 5283 - 3745. Let y = 14 - x. What is the remainder when 3/(-7) + y/(-28) is divided by 14?
12
Suppose 2*m - t = 164, 0 = -4*m - 3*t + t + 336. Suppose 0 = 2*l + 5*f - 3 - 25, -4*l - 5*f = -56. What is the remainder when m is divided by l?
13
Suppose -6 = 2*x, l = 6*l - 2*x + 24. Let f(h) = h**3 + 6*h**2 - 4*h - 13. Calculate the remainder when 43 is divided by f(l).
10
Calculate the remainder when 5*(-2)/10 - (-1178)/2 is divided by 59.
57
Let v(u) be the second derivative of u**3 - 9*u**2/2 + 6*u. Calculate the remainder when v(4) is divided by 152/26 + 14/91.
3
Let y = 39 - -19. Calculate the remainder when 402 is divided by y.
54
Let p = 6962 + -6947. Let u(k) = k**3 + k + 4. Calculate the remainder when u(4) is divided by p.
12
Let m(j) = -j**3 + 14*j**2 - 36*j - 8. Let o(y) = -3*y - 1. What is the remainder when m(10) is divided by o(-4)?
10
Let r be 86/(-4) + (-3)/(-6). Let i = -4 - r. What is the remainder when i is divided by (-10)/(-6) + (-176)/66 - -11?
7
Suppose 6*m - 528 = -18. What is the remainder when m is divided by 62?
23
Let l(s) = -s**2 - 6*s + 14. Let w be l(-6). Calculate the remainder when ((-49)/w)/(1 + (-18)/16) is divided by 11.
6
Let q be 1/(-5) + (-24)/30. Let o(k) = 21*k**2 + 2*k + 1. Suppose -2*l = -l - 7. What is the remainder w